e l(11). Suppose 0 = -h + 3*t + 2 + q, 4*h - 2189 = -5*t. Is h a composite number?
False
Suppose 0 = -2*h - 22 - 294. Let o be (-1*4)/(-2 - 315/h). Suppose -5*x - 3*x = -o. Is x prime?
True
Let u(i) = -20*i - 1. Let b(f) = 20*f + 1. Let j(z) = 4*b(z) + 3*u(z). Let d(n) = -100*n - 6. Let r(l) = 2*d(l) + 11*j(l). Is r(3) prime?
True
Let u(v) = 38527*v + 3634. Is u(15) a composite number?
True
Let w(u) = -u - 32. Let d be ((-25)/2)/((-8 - -3)/(-10)). Let q be w(d). Let k(p) = -25*p - 16. Is k(q) composite?
True
Let q(h) = 141739*h**2 + 1887*h + 1. Is q(2) composite?
True
Suppose 13*m - 16*m = 3. Let i be 21/2 + m/2. Suppose -70147 = -i*v - v. Is v a composite number?
True
Let z(g) = -27*g - 40. Let x be z(-22). Let k = 33 + x. Is k a composite number?
False
Let x = 44 - 38. Let h be 26/x - (-40)/(-30). Suppose -5*q + v + 2365 = 5*v, -3*v = -h*q + 1392. Is q a prime number?
False
Suppose 0 = 7*x + 3*x - 2000. Suppose 0 = -w + 2*y + x, -w + 40 = 2*y - 152. Let m = -87 + w. Is m a prime number?
True
Let y(v) = 431*v - 112. Let p be y(5). Let t = 8186 - p. Is t prime?
True
Let q(s) = -2*s**2 - 34*s + 11. Let b(u) = 7*u - 13. Let j be b(11). Suppose 9*x = 5*x - j. Is q(x) prime?
True
Let k = 972 - 5623. Let c = k - -9336. Is c a prime number?
False
Let j = -283 - -761. Suppose -4*t - 4941 = -v + j, 2*v + t = 10874. Is v composite?
True
Let g = 25498 + -13981. Let h = g - -892. Is h composite?
False
Let b(u) = -2*u**3 + 10*u**2 - 6*u + 37. Suppose -4*x = 3*n + 66, -10 = 3*n - 4. Is b(x) a composite number?
False
Let n = -223 + 215. Is n - (-6 - (3 - -1150)) composite?
False
Let i(g) = 88316*g - 251. Is i(6) a composite number?
True
Suppose 5*s - 128 = 37. Suppose -o + 12*o = -s. Is ((-226)/o)/((-34)/(-1173)) composite?
True
Let i = -6 + 21. Let j(v) = 59*v - 651. Let p be j(11). Is (4 + 1715/i)/(p/(-6)) prime?
False
Suppose 28*b = -32*b - 360. Is -3 + (0 - -2394) - 6 - b a prime number?
False
Let a = 1383426 - 913828. Is a composite?
True
Let n be 14/4*(-1 - (-177 - -4)). Suppose -z + 3*z - 5*x - 168 = 0, 2*z - x = 184. Suppose -n = -4*p - z. Is p a prime number?
True
Is -7*(-4)/(-28)*-2*(-91229)/(-2) composite?
False
Suppose -8216085 = 4*m - 31*m - 1416648. Is m prime?
True
Is -2503*((-206)/412 - (-313)/(-2)) prime?
False
Suppose -5 = j - 0. Let s be j/(-55) + 61049/11. Suppose 5*i + c - s = 9123, 0 = -4*i + 3*c + 11746. Is i composite?
True
Let n be (-1645092)/(-252) + 2/(-14). Let u = n + -4237. Is u prime?
False
Let v(y) = 3240*y + 173. Let z be v(7). Suppose 0*s + z = 5*u - s, 2*u = -4*s + 9150. Is u prime?
False
Let a = 595 + 1117. Suppose 46*r + 40836 = -8430. Let p = r + a. Is p a prime number?
True
Let f = 1149869 - 261174. Is f composite?
True
Suppose -2*d = 18 + 6. Let s be 6/(((-3)/2)/(d/16)). Suppose -2139 = -2*r - 5*m, s*r - 340 - 2926 = 4*m. Is r composite?
True
Suppose 0 = -0*u - 4*u + 1816. Let y(i) = 4*i + 110. Let j be y(-27). Suppose -m = j*g - 222, 0*m + g + u = 2*m. Is m a prime number?
False
Let o be 3/(-18) + (-586914)/(-36) + -1. Suppose o = 14*n + 3030. Suppose -r - 5*c + n = 0, 0*r - 4*c - 939 = -r. Is r composite?
True
Let b be 4/18 + (-7)/(-9) + 4. Suppose b*i - 2*g = 4, g + 9 = -3*i + 6*g. Is 405/13 + i/(-13) composite?
False
Is ((-3452078)/14)/((-1)/2*(-9 + 11)) a prime number?
True
Suppose g - 15 = -0*p - 4*p, 2*g = -3*p + 10. Suppose -p*q = -2666 - 4530. Is q a composite number?
True
Suppose 167*f - 186*f + 5460650 = -2044616. Is f a composite number?
True
Let g be 99/44 + (-1)/4. Let z be ((-5)/((-15)/g))/((-5)/(-30)). Suppose 3*v - 8141 = -z*v. Is v prime?
True
Let s(t) = -2*t**3 + t**2 - 4*t + 5437. Let f be 1 - (-11 - -7 - (-2 + -3)). Is s(f) composite?
False
Let y be 201005/15 + 20/12. Suppose 18*i - 106676 = y. Is i a prime number?
False
Let l = 194322 - 74519. Is l composite?
True
Let j(h) = h**3 + 3*h**2 + 4*h + 4. Let k be j(-2). Suppose k = -p - y, 2*p = -2*p - 3*y. Suppose 2*b - 876 - 399 = -3*s, -4*s - 2*b + 1702 = p. Is s prime?
False
Suppose -9*x = 33 + 3. Is 2/x*1 + 1284/24 composite?
False
Is (-5)/(200/(-1148616)) - (-2)/(-5) a prime number?
False
Let q = -305048 + 524437. Is q a prime number?
True
Suppose 65*r + 2264091 = -72*r + 140*r. Is r a composite number?
True
Let k(w) = w**3 - 9*w**2 + 16*w + 12. Let m be k(6). Let y(h) = h**2 + 3*h + 4861. Is y(m) composite?
False
Is 4/((-528)/(-42986716)) + 4/66 a prime number?
False
Let d(g) = 440*g + 19. Let u(y) = -877*y - 39. Let j(h) = -13*d(h) - 6*u(h). Is j(-3) prime?
True
Suppose 296*k - 122907252 + 26077660 = 0. Is k prime?
True
Let a(k) = -7*k - 195. Let w be a(-29). Is (6708/(-48))/(2/w*-1) composite?
True
Suppose -6877*o - 987314 = -6905*o - 164170. Is o a prime number?
False
Suppose -q + 174041 = 192*w - 191*w, 2*w = 3*q + 348062. Is w a prime number?
False
Suppose 64*g = 79 + 49. Suppose -g*h - 20 = 3*h, 19826 = 2*j + 5*h. Is j composite?
False
Suppose -3*s = 3*k - 315876, -s = -k - 34985 - 70313. Is s composite?
True
Let f be (-2)/13 + ((-554980800)/(-104))/12. Is 3*(5 + f/18)*1 a composite number?
False
Let t(f) = 1964*f - 9. Let l(p) = 4*p - 41. Let j be l(10). Let g be t(j). Is 0*(-2)/6 - g prime?
True
Let c be ((-19)/(-4))/(58/4176). Let i = 1911 + c. Is i composite?
True
Let r(a) = a**2 - a - 10. Let m be r(-3). Suppose o + 59*n - 56*n - 6446 = 0, -m*n + 6447 = o. Is o a prime number?
True
Suppose 5*g + 2730 = 5*x, 2*x = -2*x - 2*g + 2160. Suppose -c + 0*f + 5*f + 13 = 0, -3*f = 2*c. Suppose c*o - 337 = x. Is o a composite number?
False
Let t(w) = -2*w**2 + 26*w + 3. Let r be t(13). Suppose -y + 24 = 2*f, -r*y - 2*y - 5*f + 95 = 0. Let d(s) = 67*s - 25. Is d(y) composite?
True
Let i = -14 + 17. Let x be (-63889)/(-28) + i/(-4). Let l = -1238 + x. Is l prime?
False
Suppose 36*q - 72*q + 57005 + 65647 = 0. Is q prime?
True
Suppose 7*c - 2*h - 17 = 2*c, 1 = -c - 4*h. Is (-15070)/(c + -8) - 7 a composite number?
True
Let j(r) = 2*r**2 - 6*r - 5. Let d = -56 - -60. Let k be j(d). Suppose 614 = v - k*i, 0 = v - 5*i - 788 + 184. Is v composite?
True
Suppose 0 = -1693*u + 1708*u - 742463 + 227378. Is u prime?
False
Let y = 251 - 204. Suppose 80674 = y*u + 17036. Is u prime?
False
Let w be -1 + 1 - (-1 + -27). Suppose -w*d = -26*d - 428. Let p = d + 421. Is p a prime number?
False
Suppose -4*l + 5*l - 9103 = -2*n, -3*n = -3*l + 27255. Is l a prime number?
True
Suppose 0 = 2*o - 6 + 8. Is (-1 - o)*9/(-36) - -1027 prime?
False
Let y = -564 + 2709. Let b = 5804 - y. Is b prime?
True
Let v be (1 - 2)/(1/(-5)). Suppose 0 = -4*k + w + 17, -19*w + 21*w + 4 = 2*k. Suppose -i + v*b = -467, -2*b = -k*i + b + 2423. Is i a prime number?
True
Let k(q) = -63*q + 1. Let v be k(-5). Let a = -231 + v. Is a a prime number?
False
Let u(v) = 3908*v - 1141. Is u(12) a prime number?
False
Let j = -52453 - -115663. Suppose 11*z - 11799 = j. Is z composite?
True
Let c = 26 + -17. Suppose -15*x = -18*x + c. Suppose -4*v + 123 + 138 = -x*d, 3*d - 15 = 0. Is v prime?
False
Suppose 4*h - 3*h - 2*n = -37, -2*h + 2*n - 66 = 0. Let l(z) = -243*z + 95. Is l(h) a composite number?
True
Suppose -15636 = -12*y + 30828. Is y + (-10)/((3 + 5)/4) composite?
True
Let x(a) = 355*a - 137. Let f be 4 + ((-12)/(-18))/(2/6). Is x(f) a prime number?
True
Suppose -22 + 2 = 5*f. Suppose 0 = -5*y - 4*w + 5 + 8, 2*y + 4*w - 10 = 0. Is y*3044/12 + f/6 composite?
True
Let h(c) = 11*c**2 + 9*c - 19. Let w be h(-15). Let j = w + -780. Is j prime?
False
Suppose -5*n - s = -1241109, 744679 = 26*n - 23*n + 4*s. Is n composite?
True
Let a(c) = -307*c**3 - 2*c**2 + 10*c + 17. Let g = 405 - 408. Is a(g) a prime number?
False
Suppose 22*s - 20*s - 4*r - 382118 = 0, 5*s - 955307 = 4*r. Is s prime?
False
Let v be (9627/2)/(45/(-30)). Let w = v + 6306. Is w a prime number?
False
Suppose -1188655 = 60*r - 65*r. Is r composite?
True
Let i be (-440)/242 + (2 - (-24)/(-11)). Is (8750 + -4)*(i/2)/(-2) prime?
True
Let n(r) = -84*r**2 + 7*r + 3. Suppose -3*g = -13 + 25. Let z(m) = -251*m**2 + 20*m + 9. Let j(u) = g*z(u) + 11*n(u). Is j(2) a composite number?
False
Suppose -2*y + 2759910 = -2*y + 15*y. Is y composite?
True
Suppose 11*j = 20*j - 63. Let k(u) = 40*u**2 + 4*u - 43. Is k(j) a prime number?
False
Let k(l) be the second derivative of -l**5/60 - 5*l**4/8 - 17*l**3/6 - 13*l**2/2 - 9*l. Let p(o) be the firs